{"id":1356,"date":"2022-07-26T20:23:40","date_gmt":"2022-07-26T20:23:40","guid":{"rendered":"https:\/\/fondopem.com\/?page_id=1356"},"modified":"2024-08-21T03:52:18","modified_gmt":"2024-08-21T03:52:18","slug":"convocatoria-estudiantes","status":"publish","type":"page","link":"https:\/\/fondopem.com\/?page_id=1356","title":{"rendered":"Convocatoria estudiantes"},"content":{"rendered":"\t\t<div data-elementor-type=\"wp-page\" data-elementor-id=\"1356\" class=\"elementor elementor-1356\">\n\t\t\t\t\t\t\t\t\t<section class=\"elementor-section elementor-top-section elementor-element elementor-element-1c9648ef elementor-section-boxed elementor-section-height-default elementor-section-height-default\" data-id=\"1c9648ef\" data-element_type=\"section\" id=\"convocatoria-alumnos\">\n\t\t\t\t\t\t<div class=\"elementor-container elementor-column-gap-default\">\n\t\t\t\t\t<div class=\"elementor-column elementor-col-100 elementor-top-column elementor-element elementor-element-3fd43027\" data-id=\"3fd43027\" data-element_type=\"column\">\n\t\t\t<div class=\"elementor-widget-wrap elementor-element-populated\">\n\t\t\t\t\t\t\t\t<div class=\"elementor-element elementor-element-6395b380 elementor-widget elementor-widget-text-editor\" data-id=\"6395b380\" data-element_type=\"widget\" data-widget_type=\"text-editor.default\">\n\t\t\t\t<div class=\"elementor-widget-container\">\n\t\t\t<style>\/*! elementor - v3.6.7 - 03-07-2022 *\/\n.elementor-widget-text-editor.elementor-drop-cap-view-stacked .elementor-drop-cap{background-color:#818a91;color:#fff}.elementor-widget-text-editor.elementor-drop-cap-view-framed .elementor-drop-cap{color:#818a91;border:3px solid;background-color:transparent}.elementor-widget-text-editor:not(.elementor-drop-cap-view-default) .elementor-drop-cap{margin-top:8px}.elementor-widget-text-editor:not(.elementor-drop-cap-view-default) .elementor-drop-cap-letter{width:1em;height:1em}.elementor-widget-text-editor .elementor-drop-cap{float:left;text-align:center;line-height:1;font-size:50px}.elementor-widget-text-editor .elementor-drop-cap-letter{display:inline-block}<\/style>\t\t\t\t<p><!-- wp:heading --><\/p>\n<h5>Beca de apoyo financiero para estudiantes de Medicina<\/h5>\n<p>La Fundaci\u00f3n Pedro Belou otorgar\u00e1 una Beca; propuesta, ideada y financiada por el grupo de m\u00e9dicos graduados de la UNLP de el Fondo PEM. Asimismo, colaboran con la financiaci\u00f3n: aportes externos, provenientes de donaciones y subastas, y\u00a0<span style=\"background-color: var(--ast-global-color-5); color: var(--ast-global-color-2); font-size: 1rem;\">las devoluciones de fondos de los ex becarios y ex becarias.<\/span><\/p>\n<h5 style=\"font-style: normal; color: #3a3a3a;\">Objetivo<\/h5>\n<div>La beca procura asistir econ\u00f3micamente a los\/as estudiantes de medicina de la Facultad de Ciencias M\u00e9dicas de la Universidad Nacional de La Plata.<\/div>\n<div>\u00a0<\/div>\n<h5>Requisitos<\/h5>\n<p><!-- \/wp:heading --><!-- wp:paragraph --><\/p>\n<p>Los aspirantes a la Beca deber\u00e1n ser estudiantes argentinos y encontrarse cursando regularmente alguno de los dos \u00faltimos a\u00f1os (6to y Pr\u00e1ctica Final Obligatoria) de la carrera de Medicina de la Facultad de Ciencias M\u00e9dicas de la Universidad Nacional de La Plata. Los aspirantes deber\u00e1n registrar un promedio (sin aplazos) mayor a 7 puntos\u00a0 \/ 10 puntos y encontrarse en una condici\u00f3n familiar y\/o socioecon\u00f3mica que justifique \u2013a criterio de an\u00e1lisis realizado por la Fundaci\u00f3n y especialistas en asistencia social- el otorgamiento de la Beca. La Fundaci\u00f3n dispondr\u00e1 las entrevistas individuales, familiares y\/o visitas de asistentes sociales, que considere necesarias a fin de recabar la informaci\u00f3n que permita una valoraci\u00f3n objetiva.<\/p>\n<p><!-- \/wp:paragraph --><!-- wp:heading --><\/p>\n<h5>Monto de la beca<\/h5>\n<p><!-- \/wp:heading --><!-- wp:paragraph --><\/p>\n<p>La Beca constar\u00e1 de una asignaci\u00f3n mensual de $ 120.000 (pesos ciento\u00a0<span style=\"font-style: inherit; font-weight: inherit; background-color: var(--ast-global-color-5); color: var(--ast-global-color-2);\">veinte mil) durante los primeros seis meses, monto que se actualizar\u00e1 posteriormente. Ese\u00a0<\/span><span style=\"font-style: inherit; font-weight: inherit; color: var(--ast-global-color-2); background-color: var(--ast-global-color-5);\">monto equivale a la cantidad de Galenos Previsionales de la Caja de Previsi\u00f3n y Seguro M\u00e9dico\u00a0<\/span><span style=\"font-style: inherit; font-weight: inherit; color: var(--ast-global-color-2); background-color: var(--ast-global-color-5);\">de la Provincia de Buenos Aires que corresponda (83 al dia de la fecha). La Fundaci\u00f3n podr\u00e1\u00a0<\/span><span style=\"font-style: inherit; font-weight: inherit; color: var(--ast-global-color-2); background-color: var(--ast-global-color-5);\">modificar el monto de la Beca conforme a la situaci\u00f3n econ\u00f3mica general, los fondos\u00a0<\/span><span style=\"font-style: inherit; font-weight: inherit; color: var(--ast-global-color-2); background-color: var(--ast-global-color-5);\">disponibles y las disponibilidades del Fondo PEM. La ayuda econ\u00f3mica se otorgar\u00e1 durante un\u00a0<\/span><span style=\"font-style: inherit; font-weight: inherit; color: var(--ast-global-color-2); background-color: var(--ast-global-color-5);\">a\u00f1o o hasta la graduaci\u00f3n del becario, lo que ocurra primero.<\/span><\/p>\n<p><span style=\"color: var(--ast-global-color-2); font-size: 1.6rem; font-style: inherit; font-weight: bold; background-color: var(--ast-global-color-5);\">Presentaci\u00f3n de aspirantes y selecci\u00f3n<\/span><\/p>\n<p><!-- \/wp:heading --><!-- wp:paragraph --><\/p>\n<p><b>Los aspirantes a la Beca deber\u00e1n presentar sus postulaciones antes del 19 de septiembre de 2024 exclusivamente v\u00eda mail a: <\/b><b style=\"text-decoration-line: underline;\">fondoegresadosmedicina@gmail.com<\/b>. Deber\u00e1n\u00a0<span style=\"font-style: inherit; font-weight: inherit; background-color: var(--ast-global-color-5); color: var(--ast-global-color-2);\">acreditar los requisitos establecidos antes mencionados, y presentar la documentaci\u00f3n que se detalla m\u00e1s abajo.<\/span><\/p>\n<p><span style=\"font-style: inherit; font-weight: inherit; background-color: var(--ast-global-color-5); color: var(--ast-global-color-2);\">Deber\u00e1n asistir a la\u00a0<\/span><span style=\"background-color: var(--ast-global-color-5); color: var(--ast-global-color-2); font-style: inherit; font-weight: inherit;\">entrevista personal a la que se los convocar\u00e1 en el caso que fueran preseleccionados.<\/span><\/p>\n<p><span style=\"background-color: var(--ast-global-color-5); color: var(--ast-global-color-2); font-style: inherit; font-weight: inherit;\">La Fundaci\u00f3n comunicar\u00e1 el resultado de la selecci\u00f3n al postulante que resulte seleccionado\/a dentro de los 10 (diez) d\u00edas h\u00e1biles posteriores a las entrevistas.\u00a0<\/span><span style=\"background-color: var(--ast-global-color-5); color: var(--ast-global-color-2); font-style: inherit; font-weight: inherit;\">Los pagos se har\u00e1n efectivos a trav\u00e9s de una transferencia bancaria a una cuenta que deber\u00e1 estar a nombre del postulante.<\/span><\/p>\n<p><span style=\"color: var(--ast-global-color-2); font-size: 1.6rem; font-style: inherit; font-weight: bold; background-color: var(--ast-global-color-5);\">Devoluci\u00f3n de fondos<\/span><\/p>\n<p><!-- \/wp:heading --><!-- wp:paragraph --><\/p>\n<p>Los fondos percibidos por la Beca deber\u00e1n ser restituidos por el becario o becaria a la Fundaci\u00f3n durante los tres a\u00f1os siguientes a su graduaci\u00f3n. Para ello, restituir\u00e1 una cantidad mensual equivalente en Galenos a lo percibido.<\/p>\n<p><!-- \/wp:paragraph --><!-- wp:heading --><\/p>\n<h5><strong>Documentaci\u00f3n a presentar por los postulantes<\/strong><\/h5>\n<p><!-- \/wp:paragraph --><!-- wp:paragraph --><\/p>\n<ul>\n<li>Fotocopia del DNI de los dos lados<\/li>\n<li>Constancia de alumno regular emitida en 2024<\/li>\n<li>Constancia de cuenta bancaria (CBU\/n\u00famero de cuenta) propia<\/li>\n<li>Foto de la libreta o documento que avale el promedio de las materias rendidas<\/li>\n<li>Curriculum vitae detallando los datos personales y de contacto<\/li>\n<\/ul>\n<p><strong>Fecha l\u00edmite para postularse: jueves 19 de septiembre de 2024.<\/strong><\/p>\n<p><strong>Las postulaciones deber\u00e1n presentarse con toda la documentaci\u00f3n completa (todo escaneado o digitalizado con im\u00e1genes de buena calidad) y exclusivamente por mail a: <a style=\"text-decoration-line: underline;\" href=\"mailto:fondoegresadosmedicina@gmail.com\">fondoegresadosmedicina@gmail.com<\/a>.<\/strong><\/p>\n<p><!-- \/wp:paragraph --><!-- wp:heading --><!-- \/wp:paragraph --><\/p>\t\t\t\t\t\t<\/div>\n\t\t\t\t<\/div>\n\t\t\t\t\t<\/div>\n\t\t<\/div>\n\t\t\t\t\t\t\t<\/div>\n\t\t<\/section>\n\t\t\t\t\t\t\t<\/div>\n\t\t","protected":false},"excerpt":{"rendered":"<p>Beca de apoyo financiero para estudiantes de Medicina La Fundaci\u00f3n Pedro Belou otorgar\u00e1 una Beca; propuesta, ideada y financiada por el grupo de m\u00e9dicos graduados de la UNLP de el Fondo PEM. Asimismo, colaboran con la financiaci\u00f3n: aportes externos, provenientes de donaciones y subastas, y\u00a0las devoluciones de fondos de los ex becarios y ex becarias. &hellip;<\/p>\n<p class=\"read-more\"> <a class=\"\" href=\"https:\/\/fondopem.com\/?page_id=1356\"> <span class=\"screen-reader-text\">Convocatoria estudiantes<\/span> Read More &raquo;<\/a><\/p>\n","protected":false},"author":1,"featured_media":0,"parent":0,"menu_order":0,"comment_status":"closed","ping_status":"closed","template":"","meta":{"om_disable_all_campaigns":false,"_monsterinsights_skip_tracking":false,"_monsterinsights_sitenote_active":false,"_monsterinsights_sitenote_note":"","_monsterinsights_sitenote_category":0,"site-sidebar-layout":"default","site-content-layout":"default","ast-global-header-display":"","ast-main-header-display":"","ast-hfb-above-header-display":"","ast-hfb-below-header-display":"","ast-hfb-mobile-header-display":"","site-post-title":"","ast-breadcrumbs-content":"","ast-featured-img":"","footer-sml-layout":"","theme-transparent-header-meta":"","adv-header-id-meta":"","stick-header-meta":"","header-above-stick-meta":"","header-main-stick-meta":"","header-below-stick-meta":""},"_links":{"self":[{"href":"https:\/\/fondopem.com\/index.php?rest_route=\/wp\/v2\/pages\/1356"}],"collection":[{"href":"https:\/\/fondopem.com\/index.php?rest_route=\/wp\/v2\/pages"}],"about":[{"href":"https:\/\/fondopem.com\/index.php?rest_route=\/wp\/v2\/types\/page"}],"author":[{"embeddable":true,"href":"https:\/\/fondopem.com\/index.php?rest_route=\/wp\/v2\/users\/1"}],"replies":[{"embeddable":true,"href":"https:\/\/fondopem.com\/index.php?rest_route=%2Fwp%2Fv2%2Fcomments&post=1356"}],"version-history":[{"count":37,"href":"https:\/\/fondopem.com\/index.php?rest_route=\/wp\/v2\/pages\/1356\/revisions"}],"predecessor-version":[{"id":2866,"href":"https:\/\/fondopem.com\/index.php?rest_route=\/wp\/v2\/pages\/1356\/revisions\/2866"}],"wp:attachment":[{"href":"https:\/\/fondopem.com\/index.php?rest_route=%2Fwp%2Fv2%2Fmedia&parent=1356"}],"curies":[{"name":"wp","href":"https:\/\/api.w.org\/{rel}","templated":true}]}}